st the prime factors of x.
2, 3
Let q(s) = s + 54. Let d be q(0). List the prime factors of 2/((-3)/(d/(-4))).
3
Let q(c) = -c**2 + c + 2. Suppose 2*h - 27 = -11. Let n be 2/1 - h/4. List the prime factors of q(n).
2
Suppose 3*m + 8 = 4*m + s, -2*m + 8 = -2*s. Suppose 4*i + 41 = 3*v, -m = i + 2*i. What are the prime factors of v?
11
Let z(d) = d**2 + 11*d - 7. List the prime factors of z(-14).
5, 7
Suppose 8 = 5*j - 62. Suppose f - 4*f + 10 = a, -a + j = -f. Let m = -5 + a. What are the prime factors of m?
2
Suppose -8*q = 5*q - 4498. What are the prime factors of q?
2, 173
Suppose 5*j - 104 = 3*j. Suppose 2*w - 53 = 4*t - 13, 2*w + 2*t = j. What are the prime factors of w?
2, 3
Let h = 0 - -1. What are the prime factors of 8 - (h + -1 + 0)?
2
Let j = -57 - -103. Suppose 0 = 4*c + 5*m - 19 - 255, -10 = -5*m. Let w = c - j. What are the prime factors of w?
2, 5
Suppose 0 = -5*q + 4*q. Suppose -8 + 134 = 2*d + 2*u, q = 4*d + u - 255. Suppose -3*c = -g + 6*g - 65, -4*g + d = 3*c. What are the prime factors of c?
2, 5
Let d(l) = 34*l**2 + l. Let g be d(-1). Let t be (-2 - 0)*((3 - 8) + -4). Let m = g - t. What are the prime factors of m?
3, 5
Let a(n) = -n - 8. Let o be a(-10). Suppose z - o = 41. List the prime factors of z.
43
Let i(b) = b**3 + 6*b**2 + b - 5. Let c = -11 + 6. List the prime factors of i(c).
3, 5
Let l be (15 - 3)*(-6)/(-9). Let i = 17 - l. What are the prime factors of i?
3
Let z(c) = -3 + 2*c**2 - c**2 - 2*c + 4*c. Let n be 4/((1 - (-2 - -1))/(-2)). List the prime factors of z(n).
5
What are the prime factors of 12/(-8) - (-412)/8?
2, 5
Suppose -2*r + 0*r - 78 = 0. What are the prime factors of 3 - (-3 + r)/1?
3, 5
Suppose 3*y - 57 = d + 26, 4 = d. What are the prime factors of y?
29
Suppose 20 = -5*x, 4*t - 230 = t - 4*x. What are the prime factors of (3/(-3))/((-2)/t)?
41
Suppose 3*f = -0*f + 15. Suppose -f + 13 = t. Let n = 11 - t. What are the prime factors of n?
3
Let s = -50 + 259. What are the prime factors of s?
11, 19
Suppose -q + 4*w = 5 - 37, 0 = 2*q + w - 37. List the prime factors of (q/(-15))/(4/(-6)).
2
Suppose -5*n - 31 = -4*b, 4 - 7 = -3*n - 3*b. What are the prime factors of 32/n*(-3)/2?
2
Let l = -43 + 43. Suppose 0 = 2*q - 0*q + 4. List the prime factors of q + 51/3 - l.
3, 5
Let i be 3/7 - 55/(-35). Suppose -5 - 19 = -i*c. List the prime factors of c.
2, 3
Let w(v) = -3 - 2 + 0*v**3 - 7*v**2 - v**3 - 2*v - 2*v. What are the prime factors of w(-7)?
23
Let s(h) = 3*h - 10. Let p(j) = j**2 - 5*j - 7. Let w(o) = o**2 + 3*o - 3. Let x be w(-5). Let a be p(x). List the prime factors of s(a).
11
Suppose b - 6*b + 20 = 0. Let c = 0 + 0. Let x = b + c. What are the prime factors of x?
2
Let z(v) be the third derivative of v**6/120 - v**5/60 + v**4/24 - v**3/2 + 2*v**2. Let a be z(0). Let o = 2 - a. List the prime factors of o.
5
Suppose 65 + 31 = 3*g. Suppose -2*f = -5*o + o + 20, 4*f - g = -4*o. What are the prime factors of -2 + (6 - o/(-3))?
2, 3
Let l be 3 + -3 + 2/1. What are the prime factors of (-6)/((-6)/l) - -8?
2, 5
Let y = 7 - 3. Let n = -3 + 6. Suppose n*c + y = 31. What are the prime factors of c?
3
Suppose 4*u - 160 = -44. List the prime factors of u.
29
Suppose 62*k - 66*k = -116. What are the prime factors of k?
29
Suppose 3*j + 72 = 3*q, 2*q - j = -2*j + 54. What are the prime factors of q?
2, 13
Let r(t) = 13*t**2 + 43 - 21 - 22. List the prime factors of r(2).
2, 13
Let i(l) = -2*l**2 + 32*l + 12. What are the prime factors of i(14)?
2, 17
Suppose t - 5*i - 33 = 0, 5*t - 4*i - 40 = 20. List the prime factors of 7/2 - (-4)/t.
2
Let c(z) = z**2 + 3*z + 4. Let a be c(-4). Suppose 2*w + a = 4*w - 3*v, -4*w - 2*v = -32. List the prime factors of w.
7
Suppose y - 5*y = 96. Let p = y - -44. Suppose 4*n = t + 2*n - 7, -p = -2*t + 2*n. List the prime factors of t.
13
Suppose -11 = 4*n + 9. Let r = 3 - n. List the prime factors of r.
2
Suppose 5*s - 25 = -5*k, s - 6 = 2*k - 4. Suppose -p - 2*p + 15 = -3*f, f + 15 = 3*p. Suppose f = -s*i - 0*i + 64. What are the prime factors of i?
2
Suppose i + 13 = v - 17, -2*v - 2*i = -48. Let d be 1 + 19 + (-7 - -4). Let p = v - d. What are the prime factors of p?
2, 5
Suppose -4*r = 5*t - 205, 2*t - 10 = -r + 39. What are the prime factors of r?
5, 11
Suppose 5 = 5*v - 5*b, -v - b = b + 8. Let p be (v/(-2))/((-3)/6). List the prime factors of 1 + (5 - (-3 - p)).
7
Suppose 3*q + 4*h = q + 192, 0 = -2*h. List the prime factors of q.
2, 3
Let o be 0 + (-8 - 1)/(-3). Let t(n) = 6*n - 2. What are the prime factors of t(o)?
2
Suppose 4*s = 271 - 31. What are the prime factors of s?
2, 3, 5
Let o(w) = 3*w**3 + 14*w**2 - 15*w - 1. Let p(n) = n**3 + 4*n**3 - 5*n + 7*n**2 - 2*n - 1 - 4*n**3. Let b(g) = -2*o(g) + 5*p(g). List the prime factors of b(6).
3
Let l = -7 - -11. Suppose -l*c + 5 = -2*t + 15, t = -4*c + 23. What are the prime factors of t?
11
Suppose -1 = -3*x + 59. List the prime factors of x.
2, 5
Let r(h) = -7 + h**2 - 6*h + h**2 - 3*h**2 - 4*h. Let u be r(-9). What are the prime factors of -1 - u/2 - -14?
2, 3
Suppose a = j + 3*j + 166, -4 = -j. What are the prime factors of a?
2, 7, 13
What are the prime factors of 3/(-15) - 591/(-5)?
2, 59
Suppose 6*w - 8 = 2*w, x - 18 = -5*w. List the prime factors of (6/(-4))/(-3)*x.
2
Let v be (-151)/(-5) - 4/20. Suppose -v + 90 = 5*o. List the prime factors of o.
2, 3
Suppose -h + 2*t = 1 - 4, 20 = 4*h - 4*t. Suppose 2*v + 4*q = -v + 2, 0 = 5*v + 5*q. Let f = h + v. What are the prime factors of f?
5
Suppose 12*m - 13*m + 4 = 0. List the prime factors of m.
2
Suppose p - 5*q - 104 = -3*p, 2*p - 50 = 3*q. Let g = p - 22. List the prime factors of g.
3
Suppose 0 = -4*p + 4, 0*p - 5*p + 5 = b. Suppose b = 3*g + 10 - 34. Suppose 3*v = 10 + g. List the prime factors of v.
2, 3
Let q be 10*((-16)/(-10))/(-2). Let s = 18 + q. What are the prime factors of s?
2, 5
Suppose 3*f = -2*r + 29, -4*r + 12 + 36 = 4*f. List the prime factors of r.
7
Suppose 4*b - 36 = -5*y, -4 = 3*b - 1. What are the prime factors of y?
2
Suppose -4*m - m = h - 95, 0 = -h + 2*m + 74. What are the prime factors of h?
2, 5
Let q be (-12)/9*63/(-28). Suppose 0*k + 72 = q*k. List the prime factors of k.
2, 3
Let t = 5 + -5. Suppose -36 = 3*f - t*f. Let a = f - -29. What are the prime factors of a?
17
Let r = 2 + -5. Let p be 0 + r/((-6)/(-4)). What are the prime factors of (-2)/(-4)*p - -4?
3
Suppose 5*n = -3 - 7. Let w be (-4)/n + (-1 - -4). Suppose -t - z - 34 = -5*t, -2*z - 41 = -w*t. What are the prime factors of t?
3
Let f = -15 + 19. Suppose 2*x + 16 = f*x. What are the prime factors of x?
2
Let r be (14/6)/(4/(-12)). Let q = r - -5. Let b(l) = 5*l**2 + l - 2. What are the prime factors of b(q)?
2
Let o = 5 + 21. List the prime factors of o.
2, 13
Suppose -4*q - 4*z + 16 = -0*z, 3*q - 5*z = 4. Suppose 17 = q*o - 10. What are the prime factors of o?
3
Let c(s) = s**2 - 3*s - 5. Let q be c(4). Let l(w) = 2*w**2 + w. Let a be l(q). Suppose 0 = 3*n - 7 + a. What are the prime factors of n?
2
Let x be 3/5 + 4/10. Let h be (-3 - 57/(-21)) + (-20)/28. Let j = x - h. What are the prime factors of j?
2
Suppose -4*l + 36 + 8 = 0. List the prime factors of l.
11
Let c = -3 + -1. List the prime factors of (-7 + -5)/(3/c).
2
Suppose -4*x = 3*d + 7, -3*d - 23 = -2*x - 2*x. What are the prime factors of x?
2
Suppose -781 = -6*w + 311. What are the prime factors of w?
2, 7, 13
Suppose 3*n - 15 - 18 = 0. Let y = -7 + n. Suppose -8 = -4*k + 3*u, 0*u - 2 = -k + y*u. What are the prime factors of k?
2
Suppose 3*a - 1 = -m + 9, 5*m - 5*a - 10 = 0. List the prime factors of m.
2
Suppose 2*a = 4*a - 6. Suppose a*b = -2*v + 48 - 10, b = v - 19. What are the prime factors of v?
19
Let i = -3 + 5. Suppose z + i*z = 18. Let v = z - 2. List the prime factors of v.
2
Let p be (-1)/(1*2/(-64)). What are the prime factors of -3*1 + 10 + p?
3, 13
Let m be -51 + ((-95)/30 - (-2)/12). Suppose y - 4*p = 95, 2*y = y - 5*p + 50. Let q = y + m. List the prime factors of q.
3, 7
Let s(n) = 4*n + 38. List the prime factors of s(-8).
2, 3
List the prime factors of (-46)/(-253) - 206/44*-10.
47
Let b be -38*((-6)/(-4) + -2). Suppose -2*g = -71 + b. List the prime factors of g.
2, 13
Let p = -49 - -87. What are the prime factors of p?
2, 19
Suppose -4*o + 4*n = -40, -o + n = -4*o + 14. Let s(k) =